{"id":26785,"date":"2019-11-18T11:08:50","date_gmt":"2019-11-18T10:08:50","guid":{"rendered":"https:\/\/www.monitor-radiotv.it\/w\/?post_type=event&#038;p=26785"},"modified":"2025-11-28T17:37:20","modified_gmt":"2025-11-28T16:37:20","slug":"mipcom","status":"publish","type":"event","link":"https:\/\/www.monitor-radiotv.it\/w\/event\/mipcom\/","title":{"rendered":"MIPCOM 2026"},"content":{"rendered":"<div id=\"fb-root\"><\/div>\n<p>MIPCOM CANNES \u2013 the 41st International Co-Production &amp; Entertainment Content Market \u2013 is the world\u2019s greatest gathering of television and media professionals and the most anticipated week in the industry&#8217;s global calendar. Every October, decision makers from over 100 countries converge on Cannes, France, the world capital of the red-carpet, to compete for new series, to source international production partnerships and to set the development agenda for 2022 and beyond.<\/p>\n<p>MIPCOM CANNES &#8211; il 41\u00b0 mercato internazionale di contenuti di coproduzione e intrattenimento &#8211; \u00e8 il pi\u00f9 grande raduno mondiale di professionisti della televisione e dei media e la settimana pi\u00f9 attesa nel calendario globale del settore. Ogni ottobre, i decisori di oltre 100 paesi convergono a Cannes, in Francia, la capitale mondiale del tappeto rosso, per competere per nuove serie, per cercare partnership di produzione internazionali e per definire l&#8217;agenda di sviluppo per il 2022 e oltre.<\/p>\n<h3 style=\"text-align: center;\"><a href=\"https:\/\/www.mipcom.com\" target=\"_blank\" rel=\"noopener noreferrer\">MIPCOM<\/a><\/h3>\n<h3 style=\"text-align: center;\"><a href=\"https:\/\/www.monitor-radiotv.it\/w\/webinar-e-presentazioni-online\/\">TORNA A HOMEPAGE<br \/>\nDI TUTTI I WEBINAR<\/a><\/h3>\n","protected":false},"featured_media":30599,"template":"","event_cat":[62793,62794],"class_list":["post-26785","event","type-event","status-publish","has-post-thumbnail","hentry","event_cat-fiere","event_cat-webinar"],"_links":{"self":[{"href":"https:\/\/www.monitor-radiotv.it\/w\/wp-json\/wp\/v2\/event\/26785","targetHints":{"allow":["GET"]}}],"collection":[{"href":"https:\/\/www.monitor-radiotv.it\/w\/wp-json\/wp\/v2\/event"}],"about":[{"href":"https:\/\/www.monitor-radiotv.it\/w\/wp-json\/wp\/v2\/types\/event"}],"wp:featuredmedia":[{"embeddable":true,"href":"https:\/\/www.monitor-radiotv.it\/w\/wp-json\/wp\/v2\/media\/30599"}],"wp:attachment":[{"href":"https:\/\/www.monitor-radiotv.it\/w\/wp-json\/wp\/v2\/media?parent=26785"}],"wp:term":[{"taxonomy":"event_cat","embeddable":true,"href":"https:\/\/www.monitor-radiotv.it\/w\/wp-json\/wp\/v2\/event_cat?post=26785"}],"curies":[{"name":"wp","href":"https:\/\/api.w.org\/{rel}","templated":true}]}}

<div id="fb-root"></div>
<p>MIPCOM CANNES – the 41st International Co-Production &amp; Entertainment Content Market – is the world’s greatest gathering of television and media professionals and the most anticipated week in the industry&#8217;s global calendar. Every October, decision makers from over 100 countries converge on Cannes, France, the world capital of the red-carpet, to compete for new series, to source international production partnerships and to set the development agenda for 2022 and beyond.</p>
<p>MIPCOM CANNES &#8211; il 41° mercato internazionale di contenuti di coproduzione e intrattenimento &#8211; è il più grande raduno mondiale di professionisti della televisione e dei media e la settimana più attesa nel calendario globale del settore. Ogni ottobre, i decisori di oltre 100 paesi convergono a Cannes, in Francia, la capitale mondiale del tappeto rosso, per competere per nuove serie, per cercare partnership di produzione internazionali e per definire l&#8217;agenda di sviluppo per il 2022 e oltre.</p>
<h3 style="text-align: center;"><a href="https://www.mipcom.com" target="_blank" rel="noopener noreferrer">MIPCOM</a></h3>
<h3 style="text-align: center;"><a href="https://www.monitor-radiotv.it/w/webinar-e-presentazioni-online/">TORNA A HOMEPAGE<br />
DI TUTTI I WEBINAR</a></h3>
