{"id":28915,"date":"2024-02-02T12:53:35","date_gmt":"2024-02-02T11:53:35","guid":{"rendered":"https:\/\/www.monitor-radiotv.it\/w\/?post_type=event&#038;p=28915"},"modified":"2025-11-25T17:20:51","modified_gmt":"2025-11-25T16:20:51","slug":"efm-european-filom-market","status":"publish","type":"event","link":"https:\/\/www.monitor-radiotv.it\/w\/event\/efm-european-filom-market\/","title":{"rendered":"EFM &#8211; European Film Market"},"content":{"rendered":"<div id=\"fb-root\"><\/div>\n<p>L&#8217;European Film Market \u00e8 uno dei tre principali luoghi d&#8217;incontro dell&#8217;industria cinematografica e dei media internazionali. I suoi stretti legami con la Berlinale come festival cinematografico pubblico e la sua posizione nel cuore della vivace economia creativa di Berlino, stanno definendo le caratteristiche del mercato cinematografico della Berlinale. Tuttavia, l\u2019EFM \u00e8 molto pi\u00f9 di un semplice mercato agile per lo scambio di contenuti cinematografici e audiovisivi: si \u00e8 anche posizionato come una piattaforma per l\u2019innovazione e il cambiamento. <a href=\"https:\/\/minniebet-game.it\/bonus\/\">minniebet<\/a><\/p>\n<h3 style=\"text-align: center;\"><a href=\"https:\/\/www.efm-berlinale.de\/en\/home\/homepage.html\" target=\"_blank\" rel=\"noopener\">European Film Market<\/a><\/h3>\n<h3 style=\"text-align: center;\"><a href=\"https:\/\/www.monitor-radiotv.it\/w\/webinar-e-presentazioni-online\/\">TORNA A HOMEPAGE<br \/>\nDI TUTTI GLI EVENTI<\/a><\/h3>\n","protected":false},"featured_media":47118,"template":"","event_cat":[62793,62794],"class_list":["post-28915","event","type-event","status-publish","has-post-thumbnail","hentry","event_cat-fiere","event_cat-webinar"],"_links":{"self":[{"href":"https:\/\/www.monitor-radiotv.it\/w\/wp-json\/wp\/v2\/event\/28915","targetHints":{"allow":["GET"]}}],"collection":[{"href":"https:\/\/www.monitor-radiotv.it\/w\/wp-json\/wp\/v2\/event"}],"about":[{"href":"https:\/\/www.monitor-radiotv.it\/w\/wp-json\/wp\/v2\/types\/event"}],"wp:featuredmedia":[{"embeddable":true,"href":"https:\/\/www.monitor-radiotv.it\/w\/wp-json\/wp\/v2\/media\/47118"}],"wp:attachment":[{"href":"https:\/\/www.monitor-radiotv.it\/w\/wp-json\/wp\/v2\/media?parent=28915"}],"wp:term":[{"taxonomy":"event_cat","embeddable":true,"href":"https:\/\/www.monitor-radiotv.it\/w\/wp-json\/wp\/v2\/event_cat?post=28915"}],"curies":[{"name":"wp","href":"https:\/\/api.w.org\/{rel}","templated":true}]}}

<div id="fb-root"></div>
<p>L&#8217;European Film Market è uno dei tre principali luoghi d&#8217;incontro dell&#8217;industria cinematografica e dei media internazionali. I suoi stretti legami con la Berlinale come festival cinematografico pubblico e la sua posizione nel cuore della vivace economia creativa di Berlino, stanno definendo le caratteristiche del mercato cinematografico della Berlinale. Tuttavia, l’EFM è molto più di un semplice mercato agile per lo scambio di contenuti cinematografici e audiovisivi: si è anche posizionato come una piattaforma per l’innovazione e il cambiamento. <a href="https://minniebet-game.it/bonus/">minniebet</a></p>
<h3 style="text-align: center;"><a href="https://www.efm-berlinale.de/en/home/homepage.html" target="_blank" rel="noopener">European Film Market</a></h3>
<h3 style="text-align: center;"><a href="https://www.monitor-radiotv.it/w/webinar-e-presentazioni-online/">TORNA A HOMEPAGE<br />
DI TUTTI GLI EVENTI</a></h3>
