{"id":30547,"date":"2024-02-02T17:43:58","date_gmt":"2024-02-02T16:43:58","guid":{"rendered":"https:\/\/www.monitor-radiotv.it\/w\/?post_type=event&#038;p=30547"},"modified":"2025-11-26T15:11:31","modified_gmt":"2025-11-26T14:11:31","slug":"bsc-expo","status":"publish","type":"event","link":"https:\/\/www.monitor-radiotv.it\/w\/event\/bsc-expo\/","title":{"rendered":"BSC Expo"},"content":{"rendered":"<div id=\"fb-root\"><\/div>\n<p>Il BSC Expo \u00e8 il principale showper la produzione cinematografica e televisiva in Europa ed \u00e8 ora un appuntamento fisso nel calendario del settore. Il <strong>BSC Expo<\/strong> \u00e8 una grande opportunit\u00e0 per testare tutte le attrezzature e le tecnologie pi\u00f9 recenti in un ambiente industriale rilassato.<\/p>\n<p>Oltre a un&#8217;enorme schiera di espositori che presentano gli ultimi kit disponibili, l&#8217;Expo ospita anche due giorni interi di presentazioni e tavole rotonde, comprese le popolarissime tavole rotonde BSC, il tutto all&#8217;interno del teatro dei seminari in loco.<\/p>\n<h3 style=\"text-align: center;\"><a href=\"https:\/\/bscexpo.com\/\" target=\"_blank\" rel=\"noopener\">BSC Expo<\/a><\/h3>\n<h3 style=\"text-align: center;\"><a href=\"https:\/\/www.monitor-radiotv.it\/w\/webinar-e-presentazioni-online\/\">TORNA A HOMEPAGE<br \/>\nDI TUTTI GLI EVENTI<\/a><\/h3>\n","protected":false},"featured_media":44770,"template":"","event_cat":[62793,62794],"class_list":["post-30547","event","type-event","status-publish","has-post-thumbnail","hentry","event_cat-fiere","event_cat-webinar"],"_links":{"self":[{"href":"https:\/\/www.monitor-radiotv.it\/w\/wp-json\/wp\/v2\/event\/30547","targetHints":{"allow":["GET"]}}],"collection":[{"href":"https:\/\/www.monitor-radiotv.it\/w\/wp-json\/wp\/v2\/event"}],"about":[{"href":"https:\/\/www.monitor-radiotv.it\/w\/wp-json\/wp\/v2\/types\/event"}],"wp:featuredmedia":[{"embeddable":true,"href":"https:\/\/www.monitor-radiotv.it\/w\/wp-json\/wp\/v2\/media\/44770"}],"wp:attachment":[{"href":"https:\/\/www.monitor-radiotv.it\/w\/wp-json\/wp\/v2\/media?parent=30547"}],"wp:term":[{"taxonomy":"event_cat","embeddable":true,"href":"https:\/\/www.monitor-radiotv.it\/w\/wp-json\/wp\/v2\/event_cat?post=30547"}],"curies":[{"name":"wp","href":"https:\/\/api.w.org\/{rel}","templated":true}]}}

<div id="fb-root"></div>
<p>Il BSC Expo è il principale showper la produzione cinematografica e televisiva in Europa ed è ora un appuntamento fisso nel calendario del settore. Il <strong>BSC Expo</strong> è una grande opportunità per testare tutte le attrezzature e le tecnologie più recenti in un ambiente industriale rilassato.</p>
<p>Oltre a un&#8217;enorme schiera di espositori che presentano gli ultimi kit disponibili, l&#8217;Expo ospita anche due giorni interi di presentazioni e tavole rotonde, comprese le popolarissime tavole rotonde BSC, il tutto all&#8217;interno del teatro dei seminari in loco.</p>
<h3 style="text-align: center;"><a href="https://bscexpo.com/" target="_blank" rel="noopener">BSC Expo</a></h3>
<h3 style="text-align: center;"><a href="https://www.monitor-radiotv.it/w/webinar-e-presentazioni-online/">TORNA A HOMEPAGE<br />
DI TUTTI GLI EVENTI</a></h3>
