{"id":41485,"date":"2023-02-01T16:34:45","date_gmt":"2023-02-01T15:34:45","guid":{"rendered":"https:\/\/www.monitor-radiotv.it\/w\/?post_type=event&#038;p=41485"},"modified":"2023-02-01T16:34:45","modified_gmt":"2023-02-01T15:34:45","slug":"live-webinar-stream-on-with-avid-news","status":"publish","type":"event","link":"https:\/\/www.monitor-radiotv.it\/w\/event\/live-webinar-stream-on-with-avid-news\/","title":{"rendered":"Live Webinar: Stream on with Avid News"},"content":{"rendered":"<div id=\"fb-root\"><\/div>\n<h3><strong>Webinar in inglese<\/strong><\/h3>\n<p>Flexibility and efficiency are vital to today\u2019s news production workflows. At Avid, we strive to find new ways to support your team so that you can deliver more high-quality stories, faster, from anywhere to any platform. See Avid\u2019s newest innovations in cloud and hybrid newsroom tools in our Stream On with Avid News webinar. All designed to boost collaboration and productivity.<\/p>\n<p>Avid experts will demonstrate the latest features and answer your questions:<br \/>\n<strong>R\u00e9gis Andr\u00e9<\/strong>, Senior Director, Product Management, Creative Products, Storage, Cloud<br \/>\n<strong>Craig Wilson<\/strong>, Product Evangelist, Broadcast &amp; Media Enterprise Product Marketing Media &amp; Cloud<br \/>\nSign up now to secure your spot.<\/p>\n<p>&#8212;&#8211;<\/p>\n<p>Flessibilit\u00e0 ed efficienza sono fondamentali per i flussi di lavoro di produzione di notizie di oggi. In Avid, ci sforziamo di trovare nuovi modi per supportare il tuo team in modo che tu possa fornire pi\u00f9 storie di alta qualit\u00e0, pi\u00f9 velocemente, da qualsiasi luogo e su qualsiasi piattaforma. Guarda le pi\u00f9 recenti innovazioni di Avid negli strumenti di redazione cloud e ibridi nel nostro webinar Stream On with Avid News. Tutto progettato per aumentare la collaborazione e la produttivit\u00e0.<\/p>\n<p>Gli esperti Avid dimostreranno le funzionalit\u00e0 pi\u00f9 recenti e risponderanno alle tue domande:<br \/>\n<strong>R\u00e9gis Andr\u00e9<\/strong>, Senior Director, Product Management, Creative Products, Storage, Cloud<br \/>\n<strong>Craig Wilson<\/strong>, Product Evangelist, Broadcast &amp; Media Enterprise Product Marketing Media e Cloud<br \/>\nIscriviti ora per assicurarti il tuo posto.<\/p>\n<h3 style=\"text-align: center;\"><a href=\"https:\/\/www.avid.com\" target=\"_blank\" rel=\"noopener\">AVID<\/a><\/h3>\n<h3 style=\"text-align: center;\"><a href=\"https:\/\/www.monitor-radiotv.it\/w\/webinar-e-presentazioni-online\/\">TORNA A HOMEPAGE<br \/>\nDI TUTTI I WEBINAR<\/a><\/h3>\n","protected":false},"featured_media":41487,"template":"","event_cat":[62794],"class_list":["post-41485","event","type-event","status-publish","has-post-thumbnail","hentry","event_cat-webinar"],"_links":{"self":[{"href":"https:\/\/www.monitor-radiotv.it\/w\/wp-json\/wp\/v2\/event\/41485","targetHints":{"allow":["GET"]}}],"collection":[{"href":"https:\/\/www.monitor-radiotv.it\/w\/wp-json\/wp\/v2\/event"}],"about":[{"href":"https:\/\/www.monitor-radiotv.it\/w\/wp-json\/wp\/v2\/types\/event"}],"wp:featuredmedia":[{"embeddable":true,"href":"https:\/\/www.monitor-radiotv.it\/w\/wp-json\/wp\/v2\/media\/41487"}],"wp:attachment":[{"href":"https:\/\/www.monitor-radiotv.it\/w\/wp-json\/wp\/v2\/media?parent=41485"}],"wp:term":[{"taxonomy":"event_cat","embeddable":true,"href":"https:\/\/www.monitor-radiotv.it\/w\/wp-json\/wp\/v2\/event_cat?post=41485"}],"curies":[{"name":"wp","href":"https:\/\/api.w.org\/{rel}","templated":true}]}}

<div id="fb-root"></div>
<h3><strong>Webinar in inglese</strong></h3>
<p>Flexibility and efficiency are vital to today’s news production workflows. At Avid, we strive to find new ways to support your team so that you can deliver more high-quality stories, faster, from anywhere to any platform. See Avid’s newest innovations in cloud and hybrid newsroom tools in our Stream On with Avid News webinar. All designed to boost collaboration and productivity.</p>
<p>Avid experts will demonstrate the latest features and answer your questions:<br />
<strong>Régis André</strong>, Senior Director, Product Management, Creative Products, Storage, Cloud<br />
<strong>Craig Wilson</strong>, Product Evangelist, Broadcast &amp; Media Enterprise Product Marketing Media &amp; Cloud<br />
Sign up now to secure your spot.</p>
<p>&#8212;&#8211;</p>
<p>Flessibilità ed efficienza sono fondamentali per i flussi di lavoro di produzione di notizie di oggi. In Avid, ci sforziamo di trovare nuovi modi per supportare il tuo team in modo che tu possa fornire più storie di alta qualità, più velocemente, da qualsiasi luogo e su qualsiasi piattaforma. Guarda le più recenti innovazioni di Avid negli strumenti di redazione cloud e ibridi nel nostro webinar Stream On with Avid News. Tutto progettato per aumentare la collaborazione e la produttività.</p>
<p>Gli esperti Avid dimostreranno le funzionalità più recenti e risponderanno alle tue domande:<br />
<strong>Régis André</strong>, Senior Director, Product Management, Creative Products, Storage, Cloud<br />
<strong>Craig Wilson</strong>, Product Evangelist, Broadcast &amp; Media Enterprise Product Marketing Media e Cloud<br />
Iscriviti ora per assicurarti il tuo posto.</p>
<h3 style="text-align: center;"><a href="https://www.avid.com" target="_blank" rel="noopener">AVID</a></h3>
<h3 style="text-align: center;"><a href="https://www.monitor-radiotv.it/w/webinar-e-presentazioni-online/">TORNA A HOMEPAGE<br />
DI TUTTI I WEBINAR</a></h3>
