{"id":42950,"date":"2023-06-23T09:29:57","date_gmt":"2023-06-23T07:29:57","guid":{"rendered":"https:\/\/www.monitor-radiotv.it\/w\/?post_type=event&#038;p=42950"},"modified":"2023-06-23T09:29:57","modified_gmt":"2023-06-23T07:29:57","slug":"ateme-defining-the-evolution-of-video-codecs","status":"publish","type":"event","link":"https:\/\/www.monitor-radiotv.it\/w\/event\/ateme-defining-the-evolution-of-video-codecs\/","title":{"rendered":"ateme \u2013 Defining the Evolution of Video Codecs"},"content":{"rendered":"<div id=\"fb-root\"><\/div>\n<h3>Webinar in inglese<\/h3>\n<div class=\"form-group horizontal\">\n<div class=\"controls\">\n<p>La compressione video e i codec sono componenti fondamentali che assicurano che le esperienze video ricche di dati che tutti desideriamo possano essere fornite in modo nitido, efficiente e pieno di risorse. Un nuovo rapporto di InterDigital e scritto da Futuresource Consulting descrive in dettaglio il panorama e la storia della tecnologia di compressione video e degli standard di codifica per comprendere meglio i vantaggi dei codec odierni ed esplorare ci\u00f2 che \u00e8 necessario per consentire esperienze pi\u00f9 coinvolgenti e basate su video in futuro.<\/p>\n<p>Questo webinar esaminer\u00e0 l&#8217;ecosistema dei codec video per condividere le innovazioni tecnologiche e le tendenze dei media che guidano l&#8217;adozione da parte del settore dei nuovi codec video. Presentando le prospettive di esperti le cui aziende sviluppano, promuovono e implementano i pi\u00f9 recenti codec video, questo webinar affronter\u00e0 come e dove i ricercatori e l&#8217;industria collaborano per garantire che i codec all&#8217;avanguardia possano supportare i contenuti e i servizi video pi\u00f9 recenti.<\/p>\n<p>Moderatore:<br \/>\n<strong>Simon Forrest<\/strong>, analista, Futuresource Consulting<\/p>\n<p>Speakers:<br \/>\n<strong>Edouard Francois<\/strong>, Principal Scientist, InterDigital<br \/>\n<strong>Jan Outters<\/strong>, Direttore, Tecnologia e standard, ATEME<br \/>\n<strong>Justin Ridge<\/strong>, ingegnere capo, Nokia<\/p>\n<\/div>\n<\/div>\n<p>&nbsp;<\/p>\n<h3 style=\"text-align: center;\"><a href=\"https:\/\/www.ateme.com\/\" target=\"_blank\" rel=\"noopener noreferrer\">ateme<\/a><\/h3>\n<p>&nbsp;<\/p>\n<h3 style=\"text-align: center;\"><a href=\"https:\/\/www.monitor-radiotv.it\/w\/webinar-e-presentazioni-online\/\">TORNA A HOMEPAGE<br \/>\nDI TUTTI I WEBINAR<\/a><\/h3>\n","protected":false},"featured_media":42951,"template":"","event_cat":[62794],"class_list":["post-42950","event","type-event","status-publish","has-post-thumbnail","hentry","event_cat-webinar"],"_links":{"self":[{"href":"https:\/\/www.monitor-radiotv.it\/w\/wp-json\/wp\/v2\/event\/42950","targetHints":{"allow":["GET"]}}],"collection":[{"href":"https:\/\/www.monitor-radiotv.it\/w\/wp-json\/wp\/v2\/event"}],"about":[{"href":"https:\/\/www.monitor-radiotv.it\/w\/wp-json\/wp\/v2\/types\/event"}],"wp:featuredmedia":[{"embeddable":true,"href":"https:\/\/www.monitor-radiotv.it\/w\/wp-json\/wp\/v2\/media\/42951"}],"wp:attachment":[{"href":"https:\/\/www.monitor-radiotv.it\/w\/wp-json\/wp\/v2\/media?parent=42950"}],"wp:term":[{"taxonomy":"event_cat","embeddable":true,"href":"https:\/\/www.monitor-radiotv.it\/w\/wp-json\/wp\/v2\/event_cat?post=42950"}],"curies":[{"name":"wp","href":"https:\/\/api.w.org\/{rel}","templated":true}]}}

<div id="fb-root"></div>
<h3>Webinar in inglese</h3>
<div class="form-group horizontal">
<div class="controls">
<p>La compressione video e i codec sono componenti fondamentali che assicurano che le esperienze video ricche di dati che tutti desideriamo possano essere fornite in modo nitido, efficiente e pieno di risorse. Un nuovo rapporto di InterDigital e scritto da Futuresource Consulting descrive in dettaglio il panorama e la storia della tecnologia di compressione video e degli standard di codifica per comprendere meglio i vantaggi dei codec odierni ed esplorare ciò che è necessario per consentire esperienze più coinvolgenti e basate su video in futuro.</p>
<p>Questo webinar esaminerà l&#8217;ecosistema dei codec video per condividere le innovazioni tecnologiche e le tendenze dei media che guidano l&#8217;adozione da parte del settore dei nuovi codec video. Presentando le prospettive di esperti le cui aziende sviluppano, promuovono e implementano i più recenti codec video, questo webinar affronterà come e dove i ricercatori e l&#8217;industria collaborano per garantire che i codec all&#8217;avanguardia possano supportare i contenuti e i servizi video più recenti.</p>
<p>Moderatore:<br />
<strong>Simon Forrest</strong>, analista, Futuresource Consulting</p>
<p>Speakers:<br />
<strong>Edouard Francois</strong>, Principal Scientist, InterDigital<br />
<strong>Jan Outters</strong>, Direttore, Tecnologia e standard, ATEME<br />
<strong>Justin Ridge</strong>, ingegnere capo, Nokia</p>
</div>
</div>
<p>&nbsp;</p>
<h3 style="text-align: center;"><a href="https://www.ateme.com/" target="_blank" rel="noopener noreferrer">ateme</a></h3>
<p>&nbsp;</p>
<h3 style="text-align: center;"><a href="https://www.monitor-radiotv.it/w/webinar-e-presentazioni-online/">TORNA A HOMEPAGE<br />
DI TUTTI I WEBINAR</a></h3>
