{"id":44638,"date":"2024-01-15T13:11:07","date_gmt":"2024-01-15T12:11:07","guid":{"rendered":"https:\/\/www.monitor-radiotv.it\/w\/?post_type=event&#038;p=44638"},"modified":"2024-01-15T13:11:07","modified_gmt":"2024-01-15T12:11:07","slug":"ibc-365-uno-sguardo-indietro-allibc2023","status":"publish","type":"event","link":"https:\/\/www.monitor-radiotv.it\/w\/event\/ibc-365-uno-sguardo-indietro-allibc2023\/","title":{"rendered":"IBC 365 \u2013 Uno sguardo indietro all&#8217;IBC2023"},"content":{"rendered":"<div id=\"fb-root\"><\/div>\n<h3>Webinar in inglese<\/h3>\n<hr \/>\n<p>Diversi reparti del team IBC, tra cui Marketing, Operazioni e Vendite, si riuniranno per fornire un aggiornamento sullo show del 2023 e metteranno in evidenza i punti chiave da trarre dalle rispettive aree. Ci sar\u00e0 una sessione di domande e risposte per dare agli espositori l&#8217;opportunit\u00e0 di fare qualsiasi domanda possano avere dopo lo show, e il team fornir\u00e0 anche un&#8217;anticipazione di ci\u00f2 che \u00e8 in serbo per IBC2024.<\/p>\n<h3 style=\"text-align: center;\"><a href=\"https:\/\/www.ibc.org\/\" target=\"_blank\" rel=\"noopener noreferrer\">IBC 365<\/a><\/h3>\n<p>&nbsp;<\/p>\n<h3 style=\"text-align: center;\"><a href=\"https:\/\/www.monitor-radiotv.it\/w\/webinar-e-presentazioni-online\/\">TORNA A HOMEPAGE<br \/>\nDI TUTTI I WEBINAR<\/a><\/h3>\n","protected":false},"featured_media":44639,"template":"","event_cat":[62794],"class_list":["post-44638","event","type-event","status-publish","has-post-thumbnail","hentry","event_cat-webinar"],"_links":{"self":[{"href":"https:\/\/www.monitor-radiotv.it\/w\/wp-json\/wp\/v2\/event\/44638","targetHints":{"allow":["GET"]}}],"collection":[{"href":"https:\/\/www.monitor-radiotv.it\/w\/wp-json\/wp\/v2\/event"}],"about":[{"href":"https:\/\/www.monitor-radiotv.it\/w\/wp-json\/wp\/v2\/types\/event"}],"wp:featuredmedia":[{"embeddable":true,"href":"https:\/\/www.monitor-radiotv.it\/w\/wp-json\/wp\/v2\/media\/44639"}],"wp:attachment":[{"href":"https:\/\/www.monitor-radiotv.it\/w\/wp-json\/wp\/v2\/media?parent=44638"}],"wp:term":[{"taxonomy":"event_cat","embeddable":true,"href":"https:\/\/www.monitor-radiotv.it\/w\/wp-json\/wp\/v2\/event_cat?post=44638"}],"curies":[{"name":"wp","href":"https:\/\/api.w.org\/{rel}","templated":true}]}}

<div id="fb-root"></div>
<h3>Webinar in inglese</h3>
<hr />
<p>Diversi reparti del team IBC, tra cui Marketing, Operazioni e Vendite, si riuniranno per fornire un aggiornamento sullo show del 2023 e metteranno in evidenza i punti chiave da trarre dalle rispettive aree. Ci sarà una sessione di domande e risposte per dare agli espositori l&#8217;opportunità di fare qualsiasi domanda possano avere dopo lo show, e il team fornirà anche un&#8217;anticipazione di ciò che è in serbo per IBC2024.</p>
<h3 style="text-align: center;"><a href="https://www.ibc.org/" target="_blank" rel="noopener noreferrer">IBC 365</a></h3>
<p>&nbsp;</p>
<h3 style="text-align: center;"><a href="https://www.monitor-radiotv.it/w/webinar-e-presentazioni-online/">TORNA A HOMEPAGE<br />
DI TUTTI I WEBINAR</a></h3>
